{"id":63,"date":"2021-05-26T00:12:00","date_gmt":"2021-05-26T00:12:00","guid":{"rendered":"http:\/\/www.literaturasustentable.com\/?page_id=63"},"modified":"2021-06-30T18:09:57","modified_gmt":"2021-06-30T18:09:57","slug":"lo-que-me-paso-en-la-primera-cuarentena","status":"publish","type":"page","link":"https:\/\/www.literaturasustentable.com\/index.php\/lo-que-me-paso-en-la-primera-cuarentena\/","title":{"rendered":"Lo que me pas\u00f3 en la (primera) cuarentena"},"content":{"rendered":"\n<div class=\"wp-block-media-text alignwide has-media-on-the-right is-stacked-on-mobile\" style=\"grid-template-columns:auto 51%\"><figure class=\"wp-block-media-text__media\"><img loading=\"lazy\" decoding=\"async\" width=\"1024\" height=\"694\" src=\"https:\/\/www.literaturasustentable.com\/wp-content\/uploads\/2021\/06\/1622504857-1024x694.jpg\" alt=\"\" class=\"wp-image-347 size-full\" srcset=\"https:\/\/www.literaturasustentable.com\/wp-content\/uploads\/2021\/06\/1622504857-1024x694.jpg 1024w, https:\/\/www.literaturasustentable.com\/wp-content\/uploads\/2021\/06\/1622504857-300x203.jpg 300w, https:\/\/www.literaturasustentable.com\/wp-content\/uploads\/2021\/06\/1622504857-768x521.jpg 768w, https:\/\/www.literaturasustentable.com\/wp-content\/uploads\/2021\/06\/1622504857-1536x1041.jpg 1536w, https:\/\/www.literaturasustentable.com\/wp-content\/uploads\/2021\/06\/1622504857-2048x1388.jpg 2048w\" sizes=\"auto, (max-width: 1024px) 100vw, 1024px\" \/><\/figure><div class=\"wp-block-media-text__content\">\n<p>La novela transcurre durante los primeros meses de la cuarentena 2020 en Argentina. Est\u00e1 narrada en primera persona, a trav\u00e9s de las vivencias de una adolescente que mecha en su diario el temor al contagio, la ausencia de su padre y algunas an\u00e9cdotas disparatadas sobre lo que ocurre en el pa\u00eds durante el comienzo de la pandemia.<\/p>\n\n\n\n<p><a href=\"https:\/\/mpago.la\/1U1YAeS\" data-type=\"URL\" data-id=\"https:\/\/mpago.la\/1U1YAeS\" target=\"_blank\" rel=\"noreferrer noopener\">Comprar el ebook <\/a><\/p>\n\n\n\n<p><a rel=\"noreferrer noopener\" href=\"..\/index.php\/solicitud-de-descarga\/\" data-type=\"URL\" data-id=\"..\/index.php\/solicitud-de-descarga\/\" target=\"_blank\">Solicitar descarga (escuelas p\u00fablicas)<\/a><\/p>\n\n\n\n<p><\/p>\n\n\n\n<p class=\"has-normal-font-size\"><\/p>\n<\/div><\/div>\n","protected":false},"excerpt":{"rendered":"<p>La novela transcurre durante los primeros meses de la cuarentena 2020 en Argentina. Est\u00e1 narrada en primera persona, a trav\u00e9s de las vivencias de una adolescente que mecha en su diario el temor al contagio, la ausencia de su padre y algunas an\u00e9cdotas disparatadas sobre lo que ocurre en el pa\u00eds durante el comienzo de la pandemia. Comprar el ebook [&hellip;]<\/p>\n","protected":false},"author":1,"featured_media":0,"parent":0,"menu_order":0,"comment_status":"closed","ping_status":"closed","template":"","meta":{"footnotes":""},"class_list":["post-63","page","type-page","status-publish","hentry"],"_links":{"self":[{"href":"https:\/\/www.literaturasustentable.com\/index.php\/wp-json\/wp\/v2\/pages\/63","targetHints":{"allow":["GET"]}}],"collection":[{"href":"https:\/\/www.literaturasustentable.com\/index.php\/wp-json\/wp\/v2\/pages"}],"about":[{"href":"https:\/\/www.literaturasustentable.com\/index.php\/wp-json\/wp\/v2\/types\/page"}],"author":[{"embeddable":true,"href":"https:\/\/www.literaturasustentable.com\/index.php\/wp-json\/wp\/v2\/users\/1"}],"replies":[{"embeddable":true,"href":"https:\/\/www.literaturasustentable.com\/index.php\/wp-json\/wp\/v2\/comments?post=63"}],"version-history":[{"count":5,"href":"https:\/\/www.literaturasustentable.com\/index.php\/wp-json\/wp\/v2\/pages\/63\/revisions"}],"predecessor-version":[{"id":386,"href":"https:\/\/www.literaturasustentable.com\/index.php\/wp-json\/wp\/v2\/pages\/63\/revisions\/386"}],"wp:attachment":[{"href":"https:\/\/www.literaturasustentable.com\/index.php\/wp-json\/wp\/v2\/media?parent=63"}],"curies":[{"name":"wp","href":"https:\/\/api.w.org\/{rel}","templated":true}]}}