{"id":2,"date":"2021-03-29T14:50:48","date_gmt":"2021-03-29T14:50:48","guid":{"rendered":"http:\/\/www.literaturasustentable.com\/?page_id=2"},"modified":"2021-07-01T10:08:25","modified_gmt":"2021-07-01T10:08:25","slug":"sample-page","status":"publish","type":"page","link":"https:\/\/www.literaturasustentable.com\/","title":{"rendered":""},"content":{"rendered":"\n<h5 class=\"wp-block-heading\"><\/h5>\n\n\n\n<div class=\"wp-block-columns is-layout-flex wp-container-core-columns-is-layout-9d6595d7 wp-block-columns-is-layout-flex\">\n<div class=\"wp-block-column is-layout-flow wp-block-column-is-layout-flow\" style=\"flex-basis:100%\">\n<div class=\"wp-block-columns is-layout-flex wp-container-core-columns-is-layout-9d6595d7 wp-block-columns-is-layout-flex\">\n<div class=\"wp-block-column is-layout-flow wp-block-column-is-layout-flow\" style=\"flex-basis:100%\">\n<div class=\"wp-block-media-text alignwide is-stacked-on-mobile\" style=\"grid-template-columns:26% auto\"><figure class=\"wp-block-media-text__media\"><a href=\"http:\/\/www.literaturasustentable.com\/index.php\/la-dama-de-blanco\/\" target=\"_blank\" rel=\"noopener\"><img loading=\"lazy\" decoding=\"async\" width=\"735\" height=\"1024\" src=\"http:\/\/www.literaturasustentable.com\/wp-content\/uploads\/2021\/05\/la_dama_de_blanco-1-735x1024.jpg\" alt=\"\" class=\"wp-image-181 size-full\" srcset=\"https:\/\/www.literaturasustentable.com\/wp-content\/uploads\/2021\/05\/la_dama_de_blanco-1-735x1024.jpg 735w, https:\/\/www.literaturasustentable.com\/wp-content\/uploads\/2021\/05\/la_dama_de_blanco-1-215x300.jpg 215w, https:\/\/www.literaturasustentable.com\/wp-content\/uploads\/2021\/05\/la_dama_de_blanco-1-768x1069.jpg 768w, https:\/\/www.literaturasustentable.com\/wp-content\/uploads\/2021\/05\/la_dama_de_blanco-1.jpg 800w\" sizes=\"auto, (max-width: 735px) 100vw, 735px\" \/><\/a><\/figure><div class=\"wp-block-media-text__content\">\n<p class=\"has-normal-font-size\"><strong>La dama de blanco<\/strong><\/p>\n\n\n\n<p class=\"has-normal-font-size\">La leyenda cobra vida para proteger a la naturaleza, mientras un grupo de chicos y chicas se ve envuelto en su misterio. (<a href=\"http:\/\/www.literaturasustentable.com\/index.php\/la-dama-de-blanco\/\" target=\"_blank\" rel=\"noreferrer noopener\">descargar<\/a>)<\/p>\n<\/div><\/div>\n\n\n\n<p><\/p>\n\n\n\n<div class=\"wp-block-media-text alignwide is-stacked-on-mobile\" style=\"grid-template-columns:27% auto\"><figure class=\"wp-block-media-text__media\"><a href=\"https:\/\/www.literaturasustentable.com\/index.php\/la-plaza-escondida\/\" target=\"_blank\" rel=\"noopener\"><img loading=\"lazy\" decoding=\"async\" width=\"747\" height=\"1024\" src=\"http:\/\/www.literaturasustentable.com\/wp-content\/uploads\/2021\/05\/1622110266-e1622118503297-747x1024.png\" alt=\"\" class=\"wp-image-152 size-full\" srcset=\"https:\/\/www.literaturasustentable.com\/wp-content\/uploads\/2021\/05\/1622110266-e1622118503297-747x1024.png 747w, https:\/\/www.literaturasustentable.com\/wp-content\/uploads\/2021\/05\/1622110266-e1622118503297-219x300.png 219w, https:\/\/www.literaturasustentable.com\/wp-content\/uploads\/2021\/05\/1622110266-e1622118503297-768x1053.png 768w, https:\/\/www.literaturasustentable.com\/wp-content\/uploads\/2021\/05\/1622110266-e1622118503297.png 815w\" sizes=\"auto, (max-width: 747px) 100vw, 747px\" \/><\/a><\/figure><div class=\"wp-block-media-text__content\">\n<p class=\"has-normal-font-size\"><strong>La plaza escondida<\/strong><\/p>\n\n\n\n<p>Es la historia de Eli\u00e1n, su mam\u00e1 y la manera en que se organizan con los vecinos para recuperar su plaza. A lo largo de toda la obra destacan el humor, la ternura y la ecolog\u00eda. (<a rel=\"noreferrer noopener\" href=\"https:\/\/www.literaturasustentable.com\/index.php\/la-plaza-escondida\/\" data-type=\"page\" data-id=\"61\" target=\"_blank\">descargar<\/a>)<\/p>\n<\/div><\/div>\n\n\n\n<p><\/p>\n\n\n\n<div class=\"wp-block-media-text alignwide is-stacked-on-mobile\" style=\"grid-template-columns:25% auto\"><figure class=\"wp-block-media-text__media\"><a href=\"https:\/\/www.literaturasustentable.com\/index.php\/lo-que-me-paso-en-la-primera-cuarentena\/\" target=\"_blank\" rel=\"noopener\"><img loading=\"lazy\" decoding=\"async\" width=\"735\" height=\"1024\" src=\"http:\/\/www.literaturasustentable.com\/wp-content\/uploads\/2021\/06\/lo_que_me_paso_primera_cuarentena-735x1024.jpg\" alt=\"\" class=\"wp-image-205 size-full\" srcset=\"https:\/\/www.literaturasustentable.com\/wp-content\/uploads\/2021\/06\/lo_que_me_paso_primera_cuarentena-735x1024.jpg 735w, https:\/\/www.literaturasustentable.com\/wp-content\/uploads\/2021\/06\/lo_que_me_paso_primera_cuarentena-215x300.jpg 215w, https:\/\/www.literaturasustentable.com\/wp-content\/uploads\/2021\/06\/lo_que_me_paso_primera_cuarentena-768x1069.jpg 768w, https:\/\/www.literaturasustentable.com\/wp-content\/uploads\/2021\/06\/lo_que_me_paso_primera_cuarentena.jpg 800w\" sizes=\"auto, (max-width: 735px) 100vw, 735px\" \/><\/a><\/figure><div class=\"wp-block-media-text__content\">\n<p class=\"has-normal-font-size\"><strong>Lo que me pas\u00f3 en la (primera) cuarentena<\/strong><\/p>\n\n\n\n<p class=\"has-normal-font-size\">La novela transcurre durante los primeros meses de la cuarentena 2020 en Argentina. Est\u00e1 narrada en primera persona, a trav\u00e9s de las vivencias de una adolescente que mecha en su diario el temor al contagio, la ausencia de su padre y algunas an\u00e9cdotas disparatadas sobre lo que ocurre en el pa\u00eds durante el comienzo de la pandemia. (<a href=\"https:\/\/www.literaturasustentable.com\/index.php\/lo-que-me-paso-en-la-primera-cuarentena\/\" data-type=\"page\" data-id=\"63\" target=\"_blank\" rel=\"noreferrer noopener\">descargar<\/a>)<\/p>\n<\/div><\/div>\n\n\n\n<p><\/p>\n\n\n\n<div class=\"wp-block-media-text alignwide is-stacked-on-mobile\" style=\"grid-template-columns:25% auto\"><figure class=\"wp-block-media-text__media\"><a href=\"https:\/\/www.literaturasustentable.com\/index.php\/los-monstruos-no-tienen-etiqueta\/\" target=\"_blank\" rel=\"noopener\"><img loading=\"lazy\" decoding=\"async\" width=\"735\" height=\"1024\" src=\"http:\/\/www.literaturasustentable.com\/wp-content\/uploads\/2021\/05\/los_monstruos_no_tienen_etiqueta-735x1024.jpg\" alt=\"\" class=\"wp-image-182 size-full\" srcset=\"https:\/\/www.literaturasustentable.com\/wp-content\/uploads\/2021\/05\/los_monstruos_no_tienen_etiqueta-735x1024.jpg 735w, https:\/\/www.literaturasustentable.com\/wp-content\/uploads\/2021\/05\/los_monstruos_no_tienen_etiqueta-215x300.jpg 215w, https:\/\/www.literaturasustentable.com\/wp-content\/uploads\/2021\/05\/los_monstruos_no_tienen_etiqueta-768x1069.jpg 768w, https:\/\/www.literaturasustentable.com\/wp-content\/uploads\/2021\/05\/los_monstruos_no_tienen_etiqueta.jpg 800w\" sizes=\"auto, (max-width: 735px) 100vw, 735px\" \/><\/a><\/figure><div class=\"wp-block-media-text__content\">\n<p class=\"has-normal-font-size\"><strong>Los monstruos no tienen etiqueta<\/strong><\/p>\n\n\n\n<p class=\"has-normal-font-size\">Es una historia que gira en torno al Grooming y el peligro de caer en las redes de trata. (<a href=\"https:\/\/www.literaturasustentable.com\/index.php\/los-monstruos-no-tienen-etiqueta\/\" data-type=\"page\" data-id=\"65\" target=\"_blank\" rel=\"noreferrer noopener\">descargar<\/a>)<\/p>\n<\/div><\/div>\n\n\n\n<p><\/p>\n\n\n\n<div class=\"wp-block-media-text alignwide is-stacked-on-mobile\" style=\"grid-template-columns:25% auto\"><figure class=\"wp-block-media-text__media\"><a href=\"https:\/\/www.literaturasustentable.com\/index.php\/el-dia-de-las-hijas\/\" target=\"_blank\" rel=\"noopener\"><img loading=\"lazy\" decoding=\"async\" width=\"735\" height=\"1024\" src=\"http:\/\/www.literaturasustentable.com\/wp-content\/uploads\/2021\/05\/el_dia_de_las_hijas-735x1024.jpg\" alt=\"\" class=\"wp-image-184 size-full\" srcset=\"https:\/\/www.literaturasustentable.com\/wp-content\/uploads\/2021\/05\/el_dia_de_las_hijas-735x1024.jpg 735w, https:\/\/www.literaturasustentable.com\/wp-content\/uploads\/2021\/05\/el_dia_de_las_hijas-215x300.jpg 215w, https:\/\/www.literaturasustentable.com\/wp-content\/uploads\/2021\/05\/el_dia_de_las_hijas-768x1069.jpg 768w, https:\/\/www.literaturasustentable.com\/wp-content\/uploads\/2021\/05\/el_dia_de_las_hijas.jpg 800w\" sizes=\"auto, (max-width: 735px) 100vw, 735px\" \/><\/a><\/figure><div class=\"wp-block-media-text__content\">\n<p class=\"has-normal-font-size\"><strong>El d\u00eda de las hijas<\/strong><\/p>\n\n\n\n<p>Un grupo de amigas meriendan juntas durante la tarde del D\u00eda del Padre. En sus conversaciones surgen las dificultades familiares y la amistad que las une. (<a href=\"https:\/\/www.literaturasustentable.com\/index.php\/el-dia-de-las-hijas\/\" data-type=\"page\" data-id=\"67\" target=\"_blank\" rel=\"noreferrer noopener\">descargar<\/a>)<\/p>\n<\/div><\/div>\n\n\n\n<p><\/p>\n\n\n\n<div class=\"wp-block-media-text alignwide is-stacked-on-mobile\" style=\"grid-template-columns:25% auto\"><figure class=\"wp-block-media-text__media\"><a href=\"https:\/\/www.literaturasustentable.com\/index.php\/cuidado-con-el-vampiro\/\" target=\"_blank\" rel=\"noopener\"><img loading=\"lazy\" decoding=\"async\" width=\"735\" height=\"1024\" src=\"http:\/\/www.literaturasustentable.com\/wp-content\/uploads\/2021\/05\/cuidado_con_el_vampiro-735x1024.jpg\" alt=\"\" class=\"wp-image-185 size-full\" srcset=\"https:\/\/www.literaturasustentable.com\/wp-content\/uploads\/2021\/05\/cuidado_con_el_vampiro-735x1024.jpg 735w, https:\/\/www.literaturasustentable.com\/wp-content\/uploads\/2021\/05\/cuidado_con_el_vampiro-215x300.jpg 215w, https:\/\/www.literaturasustentable.com\/wp-content\/uploads\/2021\/05\/cuidado_con_el_vampiro-768x1069.jpg 768w, https:\/\/www.literaturasustentable.com\/wp-content\/uploads\/2021\/05\/cuidado_con_el_vampiro.jpg 800w\" sizes=\"auto, (max-width: 735px) 100vw, 735px\" \/><\/a><\/figure><div class=\"wp-block-media-text__content\">\n<p class=\"has-normal-font-size\"><strong>Cuidado con el vampiro<\/strong><\/p>\n\n\n\n<p>La destrucci\u00f3n de un muro del Cementerio de Chacarita despierta a un vampiro. Un cient\u00edfico loco comienza a perseguirlo para descubrir el secreto de su inmortalidad. \u00bfEn esta sociedad, ya no hay respeto para lo sobrenatural?  (<a rel=\"noreferrer noopener\" href=\"https:\/\/www.literaturasustentable.com\/index.php\/cuidado-con-el-vampiro\/\" data-type=\"page\" data-id=\"70\" target=\"_blank\">descargar<\/a>)<\/p>\n<\/div><\/div>\n\n\n\n<p><\/p>\n\n\n\n<div class=\"wp-block-media-text alignwide is-stacked-on-mobile\" style=\"grid-template-columns:25% auto\"><figure class=\"wp-block-media-text__media\"><a href=\"https:\/\/www.literaturasustentable.com\/index.php\/la-dama-de-blanco-version-teatral\/\" target=\"_blank\" rel=\"noopener\"><img loading=\"lazy\" decoding=\"async\" width=\"735\" height=\"1024\" src=\"http:\/\/www.literaturasustentable.com\/wp-content\/uploads\/2021\/05\/la_dama_de_blanco_teatral-735x1024.jpg\" alt=\"\" class=\"wp-image-186 size-full\" srcset=\"https:\/\/www.literaturasustentable.com\/wp-content\/uploads\/2021\/05\/la_dama_de_blanco_teatral-735x1024.jpg 735w, https:\/\/www.literaturasustentable.com\/wp-content\/uploads\/2021\/05\/la_dama_de_blanco_teatral-215x300.jpg 215w, https:\/\/www.literaturasustentable.com\/wp-content\/uploads\/2021\/05\/la_dama_de_blanco_teatral-768x1069.jpg 768w, https:\/\/www.literaturasustentable.com\/wp-content\/uploads\/2021\/05\/la_dama_de_blanco_teatral.jpg 800w\" sizes=\"auto, (max-width: 735px) 100vw, 735px\" \/><\/a><\/figure><div class=\"wp-block-media-text__content\">\n<p class=\"has-normal-font-size\"><strong>La dama de blanco (versi\u00f3n teatral)<\/strong><\/p>\n\n\n\n<p class=\"has-normal-font-size\">La leyenda cobra vida para proteger a la naturaleza, mientras un grupo de chicos y chicas se ve envuelto en su misterio. (<a href=\"https:\/\/www.literaturasustentable.com\/index.php\/la-dama-de-blanco-version-teatral\/\" data-type=\"page\" data-id=\"72\" target=\"_blank\" rel=\"noreferrer noopener\">descargar<\/a>)<\/p>\n<\/div><\/div>\n\n\n\n<p><\/p>\n\n\n\n<div class=\"wp-block-media-text alignwide is-stacked-on-mobile\" style=\"grid-template-columns:25% auto\"><figure class=\"wp-block-media-text__media\"><a href=\"https:\/\/www.literaturasustentable.com\/index.php\/el-dia-de-las-hijas-version-teatral\/\" target=\"_blank\" rel=\"noopener\"><img loading=\"lazy\" decoding=\"async\" width=\"735\" height=\"1024\" src=\"http:\/\/www.literaturasustentable.com\/wp-content\/uploads\/2021\/05\/el_dia_de_las_hijas_teatro-735x1024.jpg\" alt=\"\" class=\"wp-image-187 size-full\" srcset=\"https:\/\/www.literaturasustentable.com\/wp-content\/uploads\/2021\/05\/el_dia_de_las_hijas_teatro-735x1024.jpg 735w, https:\/\/www.literaturasustentable.com\/wp-content\/uploads\/2021\/05\/el_dia_de_las_hijas_teatro-215x300.jpg 215w, https:\/\/www.literaturasustentable.com\/wp-content\/uploads\/2021\/05\/el_dia_de_las_hijas_teatro-768x1069.jpg 768w, https:\/\/www.literaturasustentable.com\/wp-content\/uploads\/2021\/05\/el_dia_de_las_hijas_teatro.jpg 800w\" sizes=\"auto, (max-width: 735px) 100vw, 735px\" \/><\/a><\/figure><div class=\"wp-block-media-text__content\">\n<p class=\"has-normal-font-size\"><strong>El d\u00eda de las hijas (versi\u00f3n teatral)<\/strong><\/p>\n\n\n\n<p>Un grupo de amigas meriendan juntas durante la tarde del D\u00eda del Padre. En sus conversaciones surgen las dificultades familiares y la amistad que las une. (<a href=\"https:\/\/www.literaturasustentable.com\/index.php\/el-dia-de-las-hijas-version-teatral\/\" data-type=\"page\" data-id=\"74\" target=\"_blank\" rel=\"noreferrer noopener\">descargar<\/a>)<\/p>\n<\/div><\/div>\n<\/div>\n<\/div>\n<\/div>\n<\/div>\n\n\n\n<div class=\"wp-block-media-text alignwide is-stacked-on-mobile\" style=\"grid-template-columns:24% auto\"><figure class=\"wp-block-media-text__media\"><a href=\"https:\/\/www.literaturasustentable.com\/index.php\/las-raices-de-la-tierra\/\" target=\"_blank\" rel=\"noopener\"><img loading=\"lazy\" decoding=\"async\" width=\"690\" height=\"1024\" src=\"http:\/\/www.literaturasustentable.com\/wp-content\/uploads\/2021\/06\/Raices_de_la_tierra_735x1090-690x1024.jpg\" alt=\"\" class=\"wp-image-301 size-full\" srcset=\"https:\/\/www.literaturasustentable.com\/wp-content\/uploads\/2021\/06\/Raices_de_la_tierra_735x1090-690x1024.jpg 690w, https:\/\/www.literaturasustentable.com\/wp-content\/uploads\/2021\/06\/Raices_de_la_tierra_735x1090-202x300.jpg 202w, https:\/\/www.literaturasustentable.com\/wp-content\/uploads\/2021\/06\/Raices_de_la_tierra_735x1090.jpg 735w\" sizes=\"auto, (max-width: 690px) 100vw, 690px\" \/><\/a><\/figure><div class=\"wp-block-media-text__content\">\n<p><strong>Las Ra\u00edces de la Tierra<\/strong><\/p>\n\n\n\n<p>En un intento desmesurado por evitar el colapso de su mundo, un grupo de cient\u00edficos siembran vida en un planeta lejano. Al otro lado del tiempo, Jeshatl intenta convencer a su sociedad de que la \u00fanica manera de salvar Ryghl es renunciando a la inmortalidad. (<a href=\"https:\/\/www.literaturasustentable.com\/index.php\/las-raices-de-la-tierra\/\" data-type=\"page\" data-id=\"338\" target=\"_blank\" rel=\"noreferrer noopener\">descargar<\/a>)<\/p>\n<\/div><\/div>\n\n\n\n<p><\/p>\n","protected":false},"excerpt":{"rendered":"<p>La dama de blanco La leyenda cobra vida para proteger a la naturaleza, mientras un grupo de chicos y chicas se ve envuelto en su misterio. (descargar) La plaza escondida Es la historia de Eli\u00e1n, su mam\u00e1 y la manera en que se organizan con los vecinos para recuperar su plaza. A lo largo de toda la obra destacan el [&hellip;]<\/p>\n","protected":false},"author":1,"featured_media":0,"parent":0,"menu_order":0,"comment_status":"closed","ping_status":"open","template":"","meta":{"footnotes":""},"class_list":["post-2","page","type-page","status-publish","hentry"],"_links":{"self":[{"href":"https:\/\/www.literaturasustentable.com\/index.php\/wp-json\/wp\/v2\/pages\/2","targetHints":{"allow":["GET"]}}],"collection":[{"href":"https:\/\/www.literaturasustentable.com\/index.php\/wp-json\/wp\/v2\/pages"}],"about":[{"href":"https:\/\/www.literaturasustentable.com\/index.php\/wp-json\/wp\/v2\/types\/page"}],"author":[{"embeddable":true,"href":"https:\/\/www.literaturasustentable.com\/index.php\/wp-json\/wp\/v2\/users\/1"}],"replies":[{"embeddable":true,"href":"https:\/\/www.literaturasustentable.com\/index.php\/wp-json\/wp\/v2\/comments?post=2"}],"version-history":[{"count":63,"href":"https:\/\/www.literaturasustentable.com\/index.php\/wp-json\/wp\/v2\/pages\/2\/revisions"}],"predecessor-version":[{"id":402,"href":"https:\/\/www.literaturasustentable.com\/index.php\/wp-json\/wp\/v2\/pages\/2\/revisions\/402"}],"wp:attachment":[{"href":"https:\/\/www.literaturasustentable.com\/index.php\/wp-json\/wp\/v2\/media?parent=2"}],"curies":[{"name":"wp","href":"https:\/\/api.w.org\/{rel}","templated":true}]}}